t f(a) = a**2 + a + 1. Let u(t) = 2*t**2 - 8*t - 4. Let k(j) = -3*f(j) + u(j). What is the remainder when 62 is divided by k(l)?
20
Let d = 8 + -5. Suppose -5 = -d*h + 13. Calculate the remainder when (17 - 0) + (0 - (3 - 1)) is divided by h.
3
Suppose -4*a + a + 69 = 0. Suppose 5*j - f = 67 - 4, -2*j - 6*f = -38. What is the remainder when a is divided by j?
10
Let q be 21/2*(-7)/((-42)/(-4)). Let l = q + 35. Calculate the remainder when 55 is divided by l.
27
Let k = -59 + 51. Calculate the remainder when 109 is divided by 29*(k + 4)/(-4).
22
Let h = 36 - 33. Calculate the remainder when 66 + (-3 - (h - 4)*4) is divided by ((2 + -1)*34)/2.
16
Suppose 3*x = -20 + 215. Let i(t) = -t**3 - 33*t**2 - 63*t - 7. Calculate the remainder when x is divided by i(-31).
17
Let k = -161 + 175. Calculate the remainder when 221 is divided by k.
11
Let z = -1098 + 1232. What is the remainder when z is divided by 39?
17
Let f(j) = 19*j**2 + 90*j - 480. What is the remainder when f(5) is divided by 147?
4
Let u(l) = l**2 + 14*l + 3. Calculate the remainder when 114 is divided by u(-16).
9
Let o(k) = -k**2 + 29*k + 202. Calculate the remainder when o(32) is divided by 23.
14
Suppose -p + 0*p = -40. Calculate the remainder when p is divided by (-24)/(-42) + (-404)/(-28).
10
Let m = -2390 - -2491. What is the remainder when 277 is divided by m?
75
Let g(b) be the first derivative of -b**3/3 + 15*b**2/2 + 5*b - 7. Calculate the remainder when 18 is divided by g(15).
3
Suppose -5*z + 5 = -145. Suppose 3*b + 9*f - 7*f = 260, -5*f = b - 78. What is the remainder when b is divided by z?
28
Let w = 223 - 196. Calculate the remainder when 46 is divided by w.
19
Suppose -4*j - 3*m - 2*m = 1, 3 = -2*j - 5*m. Suppose j = 3*t - 29. Calculate the remainder when 28 is divided by t.
8
Let m(r) = -21*r - 231. What is the remainder when 419 is divided by m(-12)?
20
Suppose 0 = i + 2*i - 225. Suppose 0 = -2*r - 25 + 29. Suppose -r*d + 63 = -4*u + 21, -d - 4*u = -15. What is the remainder when i is divided by d?
18
What is the remainder when 200 is divided by 2*(17271/18)/19?
99
Let u = -11 - -8. Let z(w) = -10*w**3 + 6*w**2 + 12*w + 2. What is the remainder when z(-2) is divided by 6*(u - (-26)/4)?
19
Suppose 17*m - m - 208 = 0. Suppose -2*b - 4*f = -4, -2*b = 5*f - 3 + 4. What is the remainder when (11700/16)/m - 3/(-4) is divided by b?
9
Suppose -3325 = -2*d - 6*y + 3*y, 0 = d - 5*y - 1656. What is the remainder when d is divided by 26?
23
Let u(j) = 5*j + 21. Let t(g) = -11*g - 41. Let l(d) = 6*t(d) + 13*u(d). Calculate the remainder when 32 is divided by l(9).
14
Suppose -3*k + 5*z + 208 = -4*k, -624 = 3*k + 3*z. Calculate the remainder when ((-5)/(-4))/((-4)/k) is divided by 33.
32
Let f = 1985 - 1051. What is the remainder when f is divided by 55?
54
Let j(q) = 56*q**2 - 7*q + 3. Calculate the remainder when j(2) is divided by 27.
24
Let v = 133 - 134. Calculate the remainder when 58 is divided by (-12)/(-16) + (-77)/(-4) - v.
16
Let t(l) = -24*l + 158. Calculate the remainder when t(-8) is divided by 16.
14
Let v(s) = -s**2 + 4*s. Let d be v(4). Let f(b) = -2*b + 7. Let w be f(-13). Suppose d = i + 2*i - w. What is the remainder when i is divided by 3?
2
Let a(f) = 20*f + 5*f**2 - 4*f**2 - 3 + 5*f**2. What is the remainder when a(-5) is divided by 16?
15
Let m = 75 + 173. Let k = m - 129. Calculate the remainder when 3*-2*k/(-14) is divided by 18.
15
Let j = -230 - -285. Calculate the remainder when j is divided by 15.
10
Let k(f) = -2*f**2 + 76*f - 184. Calculate the remainder when k(29) is divided by 38.
34
Let p(m) = -m**3 - 13*m**2 - 9*m - 24. Let z be p(-14). Suppose 0 = 2*s - 3*v - 136, 0 = -5*s - v - 2*v + z. What is the remainder when s is divided by 21?
20
Suppose -9*k - 5*o = 2 - 144, 2*k - 46 = -4*o. What is the remainder when 2453 is divided by k?
9
Let n(p) = -2*p + 4. Suppose h + 4 = 2*h. Let q be n(h). What is the remainder when 19 is divided by 8 - q/(8/4)?
9
What is the remainder when ((-8)/(-4))/(-4)*68/(-2) is divided by 5 - (12/15 + (-4)/(-20))?
1
Let n(z) be the third derivative of -z**4/24 - 7*z**3/6 + 3*z**2. Calculate the remainder when 18 is divided by n(-12).
3
Suppose -5*v = -52 - 58. Suppose 278 = 5*n + 288. Calculate the remainder when 1204/21*(-3)/n is divided by v.
20
Suppose 0*s - 2*s = -8. Suppose s*c + 3*t - 60 = 2*t, 4*t = 2*c - 30. What is the remainder when (-3)/1*(-41)/3 is divided by c?
11
Let t(p) = p**2 - 11*p + 20. Suppose 20 = -4*q + 6*q. Calculate the remainder when 18 is divided by t(q).
8
Suppose 0 = 4*c - 2*p - 2*p - 52, 61 = 5*c - 4*p. Calculate the remainder when 94 is divided by c.
4
Suppose 4 = g - 2. Suppose 47*n = 27*n + 340. Calculate the remainder when n is divided by g.
5
Suppose -4*c = 3*q - 190, 2*c + 5*q = 27 + 61. Let b be (-15)/(-9) + (-6)/9. What is the remainder when c is divided by (-1 - -20*b) + -2?
15
Let u(f) = -f - f + 7 - 2*f + f**2. Let i be u(-5). Suppose -5*r + 4*w = -86, -2*r - 2*r = w - i. What is the remainder when 40 is divided by r?
12
Suppose 5*a = -p + 389 - 172, -2*p - 2*a + 458 = 0. What is the remainder when p is divided by 39?
37
Suppose -2822 = -31*k - 3*k. Let b(h) = -h**3 + 7*h**2 - 6*h - 3. Calculate the remainder when k is divided by b(5).
15
Let f be ((-1)/(-3))/(6/18). Let l(v) = 58*v**2 - 1. What is the remainder when l(f) is divided by 30?
27
Let v(i) = 4*i**2 - 6. What is the remainder when v(-5) is divided by 25?
19
Suppose -3*w + 7*w - 20 = 0. Suppose -10*x + w*x = -65. What is the remainder when 21 is divided by x?
8
Let o = -26 - -36. Let t(x) = x - 6. Let z be t(6). Calculate the remainder when -1 + 2 + z + 28 is divided by o.
9
Let q = 48 + -44. Suppose -k - m - 65 = -q*k, -2*k + 2*m + 38 = 0. Let z(u) = 13*u**3. Calculate the remainder when k is divided by z(1).
10
Let a(z) = z**3 + 11*z**2 - 59. What is the remainder when 79 is divided by a(-10)?
38
Let o be -8 + (0 - 0 - -4). What is the remainder when (-60)/o*(5 + 1) is divided by 13?
12
Calculate the remainder when 76 is divided by (20/2)/(-18 + 28).
0
Let r(x) = 2*x**3 - 14*x**2 + 26*x + 1. What is the remainder when r(7) is divided by 23?
22
Calculate the remainder when (4512/80)/(0 - (-6)/20) is divided by 10.
8
Let s be -60*(14/(-5) - -4). What is the remainder when 54 is divided by 16/s - (-346)/18?
16
Suppose -8*v + 1795 - 627 = 0. Let b = -18 + v. Calculate the remainder when (1/2)/(4/b) is divided by 5.
1
Suppose 3034 + 10364 = 29*w. What is the remainder when w is divided by 16?
14
Suppose 5*j - 3*j = -h + 129, -2*j = 3*h - 127. Let r = j + -53. Let n(k) = 4*k**2 - k + 1. Calculate the remainder when n(3) is divided by r.
10
Suppose 0 = -21*l + 25*l - 120. What is the remainder when 58 is divided by l?
28
Suppose u + 5 + 10 = g, 5*g + 3*u - 35 = 0. Calculate the remainder when 40 is divided by g.
0
Let y = -19 + 20. Suppose y + 5 = 3*c. What is the remainder when -2 - (-8 + (1 - -1)) is divided by c?
0
Let p = 23 + -12. Let n(m) be the first derivative of m**4/4 - 8*m**3/3 - 3*m**2/2 - 11*m + 1. What is the remainder when n(9) is divided by p?
10
Let y = -37 + 77. Suppose -n - y = -5*d - 2*n, -20 = -4*n. Calculate the remainder when 12 is divided by d.
5
Let x(l) = -99*l - 22. What is the remainder when x(-1) is divided by 27?
23
Suppose -476 = -16*j + 2*j. Calculate the remainder when 99 is divided by j.
31
Calculate the remainder when (-292)/(-40) + (-35)/(-50) + -1 is divided by 4.
3
Let o = 847 - 767. What is the remainder when 237 is divided by o?
77
Suppose -68 = -4*b + 3*b + 2*g, -326 = -5*b + 3*g. Let m = 96 - b. What is the remainder when 95 is divided by m?
31
Suppose -983*h + 977*h + 1074 = 0. Calculate the remainder when h is divided by 39.
23
Suppose -3*j - 2*t + 5*t + 549 = 0, -5*t = -3*j + 543. Calculate the remainder when j is divided by 19.
15
Let m = -210 + 274. Calculate the remainder when 317 is divided by m.
61
Suppose -992*p + 984*p + 240 = 0. Calculate the remainder when 106 is divided by p.
16
Let f(n) = n**3 - 33*n**2 + 9*n - 31. Calculate the remainder when f(33) is divided by 18.
14
Let j be 62/6 + (-6)/(-9). Let w be j + -13 - 4/(-1). Suppose 62 = w*a + 2*r, 3*r - 60 = -2*a - r. What is the remainder when 61 is divided by a?
29
Let t(w) = w**2 - 4*w + 2. Let p be t(4). Let r(b) =